on divisor of 349370 and 62.
62
What is the highest common factor of 8470 and 1610?
70
Calculate the highest common divisor of 242 and 125708.
22
What is the greatest common divisor of 73252 and 8?
4
What is the highest common factor of 266875 and 1708?
427
What is the highest common divisor of 976 and 75518?
122
What is the greatest common factor of 34356 and 6468?
84
What is the highest common divisor of 2926 and 403389?
133
What is the highest common factor of 3765 and 30?
15
Calculate the greatest common factor of 16092765 and 117.
117
Calculate the highest common factor of 1830 and 24095.
305
What is the highest common divisor of 69 and 189842?
23
Calculate the greatest common divisor of 17845400 and 200.
200
Calculate the highest common factor of 58 and 568429.
29
Calculate the greatest common factor of 7506 and 1629.
9
What is the highest common factor of 38308 and 3477?
61
What is the highest common divisor of 9 and 264060?
9
Calculate the greatest common divisor of 55 and 120076.
11
What is the greatest common divisor of 2150 and 17630?
430
What is the greatest common factor of 1264 and 11632592?
1264
Calculate the highest common factor of 3729372 and 24.
12
What is the greatest common factor of 1078 and 3410?
22
What is the greatest common factor of 2928 and 10464?
48
Calculate the greatest common factor of 281160 and 3465.
495
Calculate the greatest common factor of 3288 and 41374.
274
What is the greatest common divisor of 4266921 and 2979?
993
What is the highest common factor of 16521048 and 24?
24
Calculate the highest common divisor of 6721 and 27248.
13
What is the greatest common factor of 132 and 38214?
66
Calculate the highest common factor of 1360 and 14160.
80
Calculate the greatest common divisor of 660964 and 298.
298
Calculate the greatest common factor of 23 and 74750.
23
What is the highest common divisor of 8013816 and 144?
72
Calculate the highest common divisor of 1128 and 1058346.
282
What is the highest common factor of 40959 and 1476?
369
Calculate the highest common divisor of 69 and 75049.
23
Calculate the highest common factor of 179400 and 1104.
552
What is the greatest common factor of 44 and 707014?
22
Calculate the greatest common divisor of 49 and 486451.
7
Calculate the greatest common factor of 3175580 and 8300.
1660
Calculate the highest common factor of 62 and 5456.
62
What is the highest common divisor of 177139 and 9232?
577
Calculate the greatest common factor of 1120 and 878710.
70
Calculate the greatest common factor of 8101537 and 97.
97
Calculate the greatest common divisor of 231 and 128667.
231
Calculate the greatest common divisor of 1025 and 3100.
25
What is the greatest common factor of 61759 and 16360?
409
Calculate the greatest common divisor of 48 and 2190.
6
Calculate the greatest common factor of 11848 and 27.
1
Calculate the greatest common factor of 82 and 449729.
41
What is the greatest common divisor of 60 and 2224515?
15
Calculate the highest common factor of 75976 and 6.
2
What is the highest common factor of 542534 and 122?
122
What is the greatest common divisor of 242 and 1585584?
242
Calculate the highest common divisor of 132262 and 858.
26
What is the highest common divisor of 212359 and 11431?
161
What is the highest common divisor of 518 and 9149?
7
Calculate the highest common divisor of 103546 and 138.
46
What is the highest common divisor of 29379 and 819?
21
What is the greatest common divisor of 39 and 8151?
39
What is the highest common factor of 37 and 27787?
37
What is the greatest common factor of 13318 and 40?
2
What is the highest common factor of 204 and 666024?
12
What is the greatest common divisor of 52 and 3475212?
52
Calculate the highest common factor of 57404 and 4746.
226
Calculate the greatest common factor of 950 and 2050.
50
What is the highest common factor of 148 and 187886?
74
What is the highest common factor of 805107 and 501?
501
Calculate the highest common factor of 4670 and 25.
5
What is the highest common divisor of 202477 and 165979?
869
What is the highest common divisor of 132 and 3896838?
66
What is the highest common divisor of 347422 and 5769?
641
Calculate the greatest common divisor of 8015 and 6183.
229
Calculate the greatest common divisor of 12150 and 1944.
486
Calculate the greatest common divisor of 114 and 4066.
38
Calculate the highest common divisor of 529914 and 462.
462
What is the highest common divisor of 628 and 59?
1
Calculate the highest common factor of 20 and 80176.
4
What is the greatest common divisor of 1095 and 44311?
73
Calculate the greatest common factor of 45 and 360117.
9
What is the greatest common factor of 2860 and 34540?
220
Calculate the highest common factor of 269105 and 749.
107
What is the highest common divisor of 81 and 12147?
3
What is the highest common divisor of 527 and 4262903?
527
What is the highest common factor of 172420 and 71040?
740
What is the greatest common factor of 493 and 7093777?
493
What is the greatest common factor of 35 and 926765?
35
What is the greatest common factor of 18 and 1803933?
9
Calculate the highest common divisor of 539 and 3113.
11
What is the greatest common factor of 218 and 2137163?
109
What is the highest common factor of 89096 and 392?
56
What is the highest common divisor of 76 and 1038198?
38
Calculate the highest common divisor of 160 and 393968.
16
What is the highest common divisor of 22372 and 68?
68
What is the highest common divisor of 1218206 and 22?
22
What is the highest common divisor of 1953 and 395064?
279
Calculate the greatest common divisor of 7277892 and 314.
314
What is the greatest common divisor of 98915 and 365?
365
What is the highest common divisor of 5217 and 47?
47
What is the highest common divisor of 328 and 2150614?
82
What is the greatest common divisor of 250 and 410800?
50
Calculate the greatest common divisor of 9534 and 1050.
42
What is the greatest common divisor of 53599 and 42?
7
Calculate the greatest common factor of 192444 and 12876.
348
What is the highest common factor of 5472 and 5760?
288
Calculate the greatest common factor of 3416 and 952.
56
What is the greatest common factor of 14532 and 1596?
84
What is the highest common divisor of 5307768 and 1296?
648
What is the highest common factor of 17548 and 6420?
428
What is the highest common divisor of 50604 and 84?
12
What is the greatest common divisor of 1618 and 156137?
809
Calculate the greatest common divisor of 231 and 10329.
33
Calculate the highest common factor of 3365 and 2034479.
673
What is the greatest common factor of 762569 and 17?
17
What is the greatest common factor of 174 and 1915827?
87
Calculate the highest common divisor of 8207 and 17052.
29
Calculate the greatest common factor of 103 and 547445.
103
Calculate the highest common divisor of 266049 and 4944.
309
What is the greatest common divisor of 10863 and 208811?
1207
What is the greatest common divisor of 273 and 1469013?
273
What is the greatest common divisor of 23 and 11782?
1
Calculate the greatest common factor of 25 and 4915.
5
Calculate the highest common factor of 550 and 450.
50
What is the greatest common divisor of 17 and 52156?
17
Calculate the greatest common factor of 486345 and 90.
15
Calculate the highest common factor of 276 and 338238.
138
What is the highest common factor of 3228 and 11029?
269
What is the highest common factor of 6 and 558504?
6
What is the greatest common factor of 638 and 1198802?
638
What is the greatest common divisor of 510 and 59330?
170
What is the greatest common divisor of 4360 and 120?
40
What is the greatest common factor of 263410 and 284?
142
Calculate the highest common divisor of 4697 and 95343.
61
What is the highest common divisor of 39225 and 1575?
75
What is the highest common divisor of 1776 and 2496?
48
What is the greatest common divisor of 992 and 12958?
62
What is the highest common factor of 92 and 455883?
23
Calculate the greatest common factor of 129238 and 190.
38
Calculate the highest common factor of 105 and 49119.
21
Calculate the highest common divisor of 15423 and 4770.
159
Calculate the highest common factor of 22 and 2507032.
22
What is the highest common factor of 990 and 305385?
15
What is the highest c